{"id":1024,"date":"2013-03-05T17:43:45","date_gmt":"2013-03-05T16:43:45","guid":{"rendered":"http:\/\/www.lavalledimenticata.it\/contatti-2\/"},"modified":"2025-11-03T21:52:52","modified_gmt":"2025-11-03T20:52:52","slug":"kontakte","status":"publish","type":"page","link":"https:\/\/www.lavalledimenticata.it\/de\/kontakte\/","title":{"rendered":"Kontakte"},"content":{"rendered":"<p><div class='two_third'>\n\t\t\t\t\tTELEFON:<\/p>\n<p>&#8211;\u00a0347 0745690 VALERIA &#8211; 347 7011951 CLAUDIO &#8211; 0722\u00a0547321 (Italien)<\/p>\n<p>E-MAIL: <a href=\"mailto:info@lavalledimenticata.it\">info@lavalledimenticata.it <\/a><\/p>\n<p>ADRESSE:\nVia Santa Maria in Spinateci, 26 &#8211; Localit\u00e0 C\u00e0 Battaglino &#8211; URBANIA (Pesaro e Urbino) Italien<\/p>\n<p><span class=\"hps atn\">GPS-<\/span>Koordinaten : 43\u00b067\u201991.18\u2033 N , 12\u00b055\u201948.11\u2033 E<\/p>\n<p><span class=\"hps\">Bei Anreise<\/span> <span class=\"hps\">per<\/span> <span class=\"hps\">Navigationssystem<\/span>, geben Sie bitte <span class=\"hps\">Via Porta<\/span> <span class=\"hps\">Nuova<\/span> <span class=\"hps\">47<\/span> <span class=\"hps\">Urbania<\/span>. <span class=\"hps\">Die Liegenschaft befindet sich<\/span> <span class=\"hps\">ca. 2 km<\/span> <span class=\"hps\">von diesem Punkt<\/span> <span class=\"hps\">entfernt.<\/span><\/p>\n<p><strong>Anreise<\/strong><\/p>\n<p>Urbania erreichen Sie \u00fcber die Autobahn A14 (Bologna &#8211; Canosa), Ausfahrt Fano. Folgen Sie die\u00a0Richtung\u00a0von Urbino, aber bevor Sie die\u00a0Hauptstadt der Provinz erreichen biegen Sie an der Kreuzung in Richtung Fermignano ab, dann folgen Sie den\u00a0Anweisungen um Urbania zu erreichen. Nach der Ampel vor dem\u00a0Eintritt in das Zentrum von Urbania biegen Sie rechts in <em>Viale IV Novembre<\/em> und wieder\u00a0rechts am Ende der Allee. Schlie\u00dflich besteigen Sie den H\u00fcgel f\u00fcr 5 km und\u00a0 folgen Sie die Hinweisschildern auf dem Weg.<\/p>\n<p>Immer entlang der Autobahn A14 (Bologna &#8211; Canosa), Ausfahrt Pesaro, folgen Sie Richtung Fermignano (wie oben geschildert), oder Richtung Urbino und am\u00a0Kreisverkehr erste mal der Beschilderung nach Arezzo und dann nach Urbania folgen.\u00a0Nehmen Sie die S.S. 73bis\u00a016 km entlang\u00a0und fahren Sie die Ringstra\u00dfe in Richtung Fermignano, vor der Polizeistation links abbiegen und die Beschilderung folgen (wie oben beschrieben). Es gibt ebenfalls einen k\u00fcrzeren Weg mit Schotterweg, den man vor 54 km\u00a0auf derselben S.S. 73bis findet, und dann ca. 3 km weiter geradeaus fahren bis Sie die Zeichen auf dem Weg sehen.<\/p>\n<p>Wenn Sie aus Rom oder aus dem s\u00fcdlichen\u00a0<em>Tirrenico<\/em> K\u00fcste kommen ist es am schnellsten\u00a0die Autobahn\u00a0<em>Sole A1<\/em> mit Ausfahrt <em>Orte<\/em> zu folgen, dann auf der SS 204 bleiben und sich in die\u00a03a nacht\u00a0Perugia f\u00fcgen bis <i>localit\u00e0 di Bosco<\/i>. Von hier aus nehmen Sie die SS 298 in Richtung Gubbio, und dann die Bundesstra\u00dfe Nr. 3 <em>Flaminia<\/em> Richtung Cantiano, Cagli und Acqualagna: ab hier finden Sie die weiteren\u00a0Hinweise nach Urbania.<\/p>\n<p>F\u00fcr diejenigen, die aus der <em>Toskana <\/em>kommen sollen Richtung <em>Arezzo<\/em> fahren und <em>San Sepolcro<\/em> folgen, hinauf zum Berg\u00fcbergang\u00a0<em>Bocca Trabaria<\/em> und einmal in\u00a0Marche und in das Tal von Metauro angekommen, die <em>localit\u00e0 di S. Angelo in Vado<\/em>\u00a0\u00fcberschreiten bis Sie Urbania erreichen.<\/p>\n<p>F\u00fcr die Anreise mit dem Flugzeug die n\u00e4chstgelegenen Flugh\u00e4fen sind in\u00a0Rimini und Ancona, w\u00e4hrend die Referenzbahnh\u00f6fe die\u00a0von Pesaro und Fano sind und von dort aus\u00a0k\u00f6nnen Sie den Bus oder ein Taxi\u00a0nehmen.\n\t\t\t\t<\/div><br \/>\n<div class='one_third last'>\n\t\t\t\t\t<iframe loading=\"lazy\" style=\"border: currentColor; width: 250px; height: 590px; overflow: hidden;\" src=\"\/\/www.facebook.com\/plugins\/likebox.php?href=http%3A%2F%2Fwww.facebook.com%2Flavalledimenticata.agriturismo&amp;width=250&amp;height=590&amp;show_faces=true&amp;colorscheme=light&amp;stream=true&amp;show_border=true&amp;header=true&amp;appId=505045572841969\" width=\"100%\" height=\"400\" frameborder=\"0\" scrolling=\"no\"><\/iframe>\n\t\t\t\t<\/div><div class='clear'><\/div><\/p>\n<p><strong>Die Karte<\/strong><\/p>\n<p><iframe loading=\"lazy\" style=\"border: 0;\" src=\"https:\/\/www.google.com\/maps\/embed?pb=!1m18!1m12!1m3!1d48914.11424003014!2d12.523308207853907!3d43.678353367698136!2m3!1f0!2f0!3f0!3m2!1i1024!2i768!4f13.1!3m3!1m2!1s0x132cf9eaaaaaaaab%3A0x2b0e5c96d3863c27!2sAgriturismo%20La%20Valle%20Dimenticata!5e0!3m2!1sit!2sit!4v1635487574649!5m2!1sit!2sit\" width=\"100%\" height=\"450\" allowfullscreen=\"allowfullscreen\"><\/iframe><\/p>\n<p><strong>Anfrageformular<\/strong><\/p>\n","protected":false},"excerpt":{"rendered":"<p>Die Karte Anfrageformular<\/p>\n","protected":false},"author":4,"featured_media":4130,"parent":0,"menu_order":66,"comment_status":"open","ping_status":"closed","template":"page-contact.php","meta":{"footnotes":""},"class_list":["post-1024","page","type-page","status-publish","has-post-thumbnail","hentry"],"yoast_head":"<!-- This site is optimized with the Yoast SEO plugin v23.7 - https:\/\/yoast.com\/wordpress\/plugins\/seo\/ -->\n<title>Kontakte - Agriturismo nel Montefeltro, Marche<\/title>\n<meta name=\"description\" content=\"Kontakte - Agriturismo nel Montefeltro, provincia di Pesaro Urbino, nelle Marche\" \/>\n<meta name=\"robots\" content=\"index, follow, max-snippet:-1, max-image-preview:large, max-video-preview:-1\" \/>\n<link rel=\"canonical\" href=\"https:\/\/www.lavalledimenticata.it\/de\/kontakte\/\" \/>\n<meta property=\"og:locale\" content=\"de_DE\" \/>\n<meta property=\"og:type\" content=\"article\" \/>\n<meta property=\"og:title\" content=\"Kontakte - Agriturismo nel Montefeltro, Marche\" \/>\n<meta property=\"og:description\" content=\"Kontakte - Agriturismo nel Montefeltro, provincia di Pesaro Urbino, nelle Marche\" \/>\n<meta property=\"og:url\" content=\"https:\/\/www.lavalledimenticata.it\/de\/kontakte\/\" \/>\n<meta property=\"og:site_name\" content=\"Agriturismo La Valle Dimenticata\" \/>\n<meta property=\"article:modified_time\" content=\"2025-11-03T20:52:52+00:00\" \/>\n<meta property=\"og:image\" content=\"http:\/\/www.lavalledimenticata.it\/wp-content\/uploads\/2013\/03\/icon1.gif\" \/>\n\t<meta property=\"og:image:width\" content=\"62\" \/>\n\t<meta property=\"og:image:height\" content=\"62\" \/>\n\t<meta property=\"og:image:type\" content=\"image\/gif\" \/>\n<meta name=\"twitter:label1\" content=\"Gesch\u00e4tzte Lesezeit\" \/>\n\t<meta name=\"twitter:data1\" content=\"3\u00a0Minuten\" \/>\n<script type=\"application\/ld+json\" class=\"yoast-schema-graph\">{\"@context\":\"https:\/\/schema.org\",\"@graph\":[{\"@type\":\"WebPage\",\"@id\":\"https:\/\/www.lavalledimenticata.it\/de\/kontakte\/\",\"url\":\"https:\/\/www.lavalledimenticata.it\/de\/kontakte\/\",\"name\":\"Kontakte - Agriturismo nel Montefeltro, Marche\",\"isPartOf\":{\"@id\":\"https:\/\/www.lavalledimenticata.it\/#website\"},\"primaryImageOfPage\":{\"@id\":\"https:\/\/www.lavalledimenticata.it\/de\/kontakte\/#primaryimage\"},\"image\":{\"@id\":\"https:\/\/www.lavalledimenticata.it\/de\/kontakte\/#primaryimage\"},\"thumbnailUrl\":\"https:\/\/www.lavalledimenticata.it\/wp-content\/uploads\/2013\/03\/icon1.gif\",\"datePublished\":\"2013-03-05T16:43:45+00:00\",\"dateModified\":\"2025-11-03T20:52:52+00:00\",\"description\":\"Kontakte - Agriturismo nel Montefeltro, provincia di Pesaro Urbino, nelle Marche\",\"breadcrumb\":{\"@id\":\"https:\/\/www.lavalledimenticata.it\/de\/kontakte\/#breadcrumb\"},\"inLanguage\":\"de\",\"potentialAction\":[{\"@type\":\"ReadAction\",\"target\":[\"https:\/\/www.lavalledimenticata.it\/de\/kontakte\/\"]}]},{\"@type\":\"ImageObject\",\"inLanguage\":\"de\",\"@id\":\"https:\/\/www.lavalledimenticata.it\/de\/kontakte\/#primaryimage\",\"url\":\"https:\/\/www.lavalledimenticata.it\/wp-content\/uploads\/2013\/03\/icon1.gif\",\"contentUrl\":\"https:\/\/www.lavalledimenticata.it\/wp-content\/uploads\/2013\/03\/icon1.gif\",\"width\":62,\"height\":62},{\"@type\":\"BreadcrumbList\",\"@id\":\"https:\/\/www.lavalledimenticata.it\/de\/kontakte\/#breadcrumb\",\"itemListElement\":[{\"@type\":\"ListItem\",\"position\":1,\"name\":\"Home\",\"item\":\"https:\/\/www.lavalledimenticata.it\/\"},{\"@type\":\"ListItem\",\"position\":2,\"name\":\"Kontakte\"}]},{\"@type\":\"WebSite\",\"@id\":\"https:\/\/www.lavalledimenticata.it\/#website\",\"url\":\"https:\/\/www.lavalledimenticata.it\/\",\"name\":\"Agriturismo La Valle Dimenticata\",\"description\":\"\",\"potentialAction\":[{\"@type\":\"SearchAction\",\"target\":{\"@type\":\"EntryPoint\",\"urlTemplate\":\"https:\/\/www.lavalledimenticata.it\/?s={search_term_string}\"},\"query-input\":{\"@type\":\"PropertyValueSpecification\",\"valueRequired\":true,\"valueName\":\"search_term_string\"}}],\"inLanguage\":\"de\"}]}<\/script>\n<!-- \/ Yoast SEO plugin. -->","yoast_head_json":{"title":"Kontakte - Agriturismo nel Montefeltro, Marche","description":"Kontakte - Agriturismo nel Montefeltro, provincia di Pesaro Urbino, nelle Marche","robots":{"index":"index","follow":"follow","max-snippet":"max-snippet:-1","max-image-preview":"max-image-preview:large","max-video-preview":"max-video-preview:-1"},"canonical":"https:\/\/www.lavalledimenticata.it\/de\/kontakte\/","og_locale":"de_DE","og_type":"article","og_title":"Kontakte - Agriturismo nel Montefeltro, Marche","og_description":"Kontakte - Agriturismo nel Montefeltro, provincia di Pesaro Urbino, nelle Marche","og_url":"https:\/\/www.lavalledimenticata.it\/de\/kontakte\/","og_site_name":"Agriturismo La Valle Dimenticata","article_modified_time":"2025-11-03T20:52:52+00:00","og_image":[{"width":62,"height":62,"url":"http:\/\/www.lavalledimenticata.it\/wp-content\/uploads\/2013\/03\/icon1.gif","type":"image\/gif"}],"twitter_misc":{"Gesch\u00e4tzte Lesezeit":"3\u00a0Minuten"},"schema":{"@context":"https:\/\/schema.org","@graph":[{"@type":"WebPage","@id":"https:\/\/www.lavalledimenticata.it\/de\/kontakte\/","url":"https:\/\/www.lavalledimenticata.it\/de\/kontakte\/","name":"Kontakte - Agriturismo nel Montefeltro, Marche","isPartOf":{"@id":"https:\/\/www.lavalledimenticata.it\/#website"},"primaryImageOfPage":{"@id":"https:\/\/www.lavalledimenticata.it\/de\/kontakte\/#primaryimage"},"image":{"@id":"https:\/\/www.lavalledimenticata.it\/de\/kontakte\/#primaryimage"},"thumbnailUrl":"https:\/\/www.lavalledimenticata.it\/wp-content\/uploads\/2013\/03\/icon1.gif","datePublished":"2013-03-05T16:43:45+00:00","dateModified":"2025-11-03T20:52:52+00:00","description":"Kontakte - Agriturismo nel Montefeltro, provincia di Pesaro Urbino, nelle Marche","breadcrumb":{"@id":"https:\/\/www.lavalledimenticata.it\/de\/kontakte\/#breadcrumb"},"inLanguage":"de","potentialAction":[{"@type":"ReadAction","target":["https:\/\/www.lavalledimenticata.it\/de\/kontakte\/"]}]},{"@type":"ImageObject","inLanguage":"de","@id":"https:\/\/www.lavalledimenticata.it\/de\/kontakte\/#primaryimage","url":"https:\/\/www.lavalledimenticata.it\/wp-content\/uploads\/2013\/03\/icon1.gif","contentUrl":"https:\/\/www.lavalledimenticata.it\/wp-content\/uploads\/2013\/03\/icon1.gif","width":62,"height":62},{"@type":"BreadcrumbList","@id":"https:\/\/www.lavalledimenticata.it\/de\/kontakte\/#breadcrumb","itemListElement":[{"@type":"ListItem","position":1,"name":"Home","item":"https:\/\/www.lavalledimenticata.it\/"},{"@type":"ListItem","position":2,"name":"Kontakte"}]},{"@type":"WebSite","@id":"https:\/\/www.lavalledimenticata.it\/#website","url":"https:\/\/www.lavalledimenticata.it\/","name":"Agriturismo La Valle Dimenticata","description":"","potentialAction":[{"@type":"SearchAction","target":{"@type":"EntryPoint","urlTemplate":"https:\/\/www.lavalledimenticata.it\/?s={search_term_string}"},"query-input":{"@type":"PropertyValueSpecification","valueRequired":true,"valueName":"search_term_string"}}],"inLanguage":"de"}]}},"_links":{"self":[{"href":"https:\/\/www.lavalledimenticata.it\/de\/wp-json\/wp\/v2\/pages\/1024"}],"collection":[{"href":"https:\/\/www.lavalledimenticata.it\/de\/wp-json\/wp\/v2\/pages"}],"about":[{"href":"https:\/\/www.lavalledimenticata.it\/de\/wp-json\/wp\/v2\/types\/page"}],"author":[{"embeddable":true,"href":"https:\/\/www.lavalledimenticata.it\/de\/wp-json\/wp\/v2\/users\/4"}],"replies":[{"embeddable":true,"href":"https:\/\/www.lavalledimenticata.it\/de\/wp-json\/wp\/v2\/comments?post=1024"}],"version-history":[{"count":13,"href":"https:\/\/www.lavalledimenticata.it\/de\/wp-json\/wp\/v2\/pages\/1024\/revisions"}],"predecessor-version":[{"id":4500,"href":"https:\/\/www.lavalledimenticata.it\/de\/wp-json\/wp\/v2\/pages\/1024\/revisions\/4500"}],"wp:featuredmedia":[{"embeddable":true,"href":"https:\/\/www.lavalledimenticata.it\/de\/wp-json\/wp\/v2\/media\/4130"}],"wp:attachment":[{"href":"https:\/\/www.lavalledimenticata.it\/de\/wp-json\/wp\/v2\/media?parent=1024"}],"curies":[{"name":"wp","href":"https:\/\/api.w.org\/{rel}","templated":true}]}}

<p><div class='two_third'>
					TELEFON:</p>
<p>&#8211; 347 0745690 VALERIA &#8211; 347 7011951 CLAUDIO &#8211; 0722 547321 (Italien)</p>
<p>E-MAIL: <a href="mailto:info@lavalledimenticata.it">info@lavalledimenticata.it </a></p>
<p>ADRESSE:
Via Santa Maria in Spinateci, 26 &#8211; Località Cà Battaglino &#8211; URBANIA (Pesaro e Urbino) Italien</p>
<p><span class="hps atn">GPS-</span>Koordinaten : 43°67’91.18″ N , 12°55’48.11″ E</p>
<p><span class="hps">Bei Anreise</span> <span class="hps">per</span> <span class="hps">Navigationssystem</span>, geben Sie bitte <span class="hps">Via Porta</span> <span class="hps">Nuova</span> <span class="hps">47</span> <span class="hps">Urbania</span>. <span class="hps">Die Liegenschaft befindet sich</span> <span class="hps">ca. 2 km</span> <span class="hps">von diesem Punkt</span> <span class="hps">entfernt.</span></p>
<p><strong>Anreise</strong></p>
<p>Urbania erreichen Sie über die Autobahn A14 (Bologna &#8211; Canosa), Ausfahrt Fano. Folgen Sie die Richtung von Urbino, aber bevor Sie die Hauptstadt der Provinz erreichen biegen Sie an der Kreuzung in Richtung Fermignano ab, dann folgen Sie den Anweisungen um Urbania zu erreichen. Nach der Ampel vor dem Eintritt in das Zentrum von Urbania biegen Sie rechts in <em>Viale IV Novembre</em> und wieder rechts am Ende der Allee. Schließlich besteigen Sie den Hügel für 5 km und  folgen Sie die Hinweisschildern auf dem Weg.</p>
<p>Immer entlang der Autobahn A14 (Bologna &#8211; Canosa), Ausfahrt Pesaro, folgen Sie Richtung Fermignano (wie oben geschildert), oder Richtung Urbino und am Kreisverkehr erste mal der Beschilderung nach Arezzo und dann nach Urbania folgen. Nehmen Sie die S.S. 73bis 16 km entlang und fahren Sie die Ringstraße in Richtung Fermignano, vor der Polizeistation links abbiegen und die Beschilderung folgen (wie oben beschrieben). Es gibt ebenfalls einen kürzeren Weg mit Schotterweg, den man vor 54 km auf derselben S.S. 73bis findet, und dann ca. 3 km weiter geradeaus fahren bis Sie die Zeichen auf dem Weg sehen.</p>
<p>Wenn Sie aus Rom oder aus dem südlichen <em>Tirrenico</em> Küste kommen ist es am schnellsten die Autobahn <em>Sole A1</em> mit Ausfahrt <em>Orte</em> zu folgen, dann auf der SS 204 bleiben und sich in die 3a nacht Perugia fügen bis <i>località di Bosco</i>. Von hier aus nehmen Sie die SS 298 in Richtung Gubbio, und dann die Bundesstraße Nr. 3 <em>Flaminia</em> Richtung Cantiano, Cagli und Acqualagna: ab hier finden Sie die weiteren Hinweise nach Urbania.</p>
<p>Für diejenigen, die aus der <em>Toskana </em>kommen sollen Richtung <em>Arezzo</em> fahren und <em>San Sepolcro</em> folgen, hinauf zum Bergübergang <em>Bocca Trabaria</em> und einmal in Marche und in das Tal von Metauro angekommen, die <em>località di S. Angelo in Vado</em> überschreiten bis Sie Urbania erreichen.</p>
<p>Für die Anreise mit dem Flugzeug die nächstgelegenen Flughäfen sind in Rimini und Ancona, während die Referenzbahnhöfe die von Pesaro und Fano sind und von dort aus können Sie den Bus oder ein Taxi nehmen.
				</div><br />
<div class='one_third last'>
					<iframe loading="lazy" style="border: currentColor; width: 250px; height: 590px; overflow: hidden;" src="//www.facebook.com/plugins/likebox.php?href=http%3A%2F%2Fwww.facebook.com%2Flavalledimenticata.agriturismo&amp;width=250&amp;height=590&amp;show_faces=true&amp;colorscheme=light&amp;stream=true&amp;show_border=true&amp;header=true&amp;appId=505045572841969" width="100%" height="400" frameborder="0" scrolling="no"></iframe>
				</div><div class='clear'></div></p>
<p><strong>Die Karte</strong></p>
<p><iframe loading="lazy" style="border: 0;" src="https://www.google.com/maps/embed?pb=!1m18!1m12!1m3!1d48914.11424003014!2d12.523308207853907!3d43.678353367698136!2m3!1f0!2f0!3f0!3m2!1i1024!2i768!4f13.1!3m3!1m2!1s0x132cf9eaaaaaaaab%3A0x2b0e5c96d3863c27!2sAgriturismo%20La%20Valle%20Dimenticata!5e0!3m2!1sit!2sit!4v1635487574649!5m2!1sit!2sit" width="100%" height="450" allowfullscreen="allowfullscreen"></iframe></p>
<p><strong>Anfrageformular</strong></p>

<!-- This site is optimized with the Yoast SEO plugin v23.7 - https://yoast.com/wordpress/plugins/seo/ -->
<title>Kontakte - Agriturismo nel Montefeltro, Marche</title>
<meta name="description" content="Kontakte - Agriturismo nel Montefeltro, provincia di Pesaro Urbino, nelle Marche" />
<meta name="robots" content="index, follow, max-snippet:-1, max-image-preview:large, max-video-preview:-1" />
<link rel="canonical" href="https://www.lavalledimenticata.it/de/kontakte/" />
<meta property="og:locale" content="de_DE" />
<meta property="og:type" content="article" />
<meta property="og:title" content="Kontakte - Agriturismo nel Montefeltro, Marche" />
<meta property="og:description" content="Kontakte - Agriturismo nel Montefeltro, provincia di Pesaro Urbino, nelle Marche" />
<meta property="og:url" content="https://www.lavalledimenticata.it/de/kontakte/" />
<meta property="og:site_name" content="Agriturismo La Valle Dimenticata" />
<meta property="article:modified_time" content="2025-11-03T20:52:52+00:00" />
<meta property="og:image" content="http://www.lavalledimenticata.it/wp-content/uploads/2013/03/icon1.gif" />
	<meta property="og:image:width" content="62" />
	<meta property="og:image:height" content="62" />
	<meta property="og:image:type" content="image/gif" />
<meta name="twitter:label1" content="Geschätzte Lesezeit" />
	<meta name="twitter:data1" content="3 Minuten" />
<script type="application/ld+json" class="yoast-schema-graph">{"@context":"https://schema.org","@graph":[{"@type":"WebPage","@id":"https://www.lavalledimenticata.it/de/kontakte/","url":"https://www.lavalledimenticata.it/de/kontakte/","name":"Kontakte - Agriturismo nel Montefeltro, Marche","isPartOf":{"@id":"https://www.lavalledimenticata.it/#website"},"primaryImageOfPage":{"@id":"https://www.lavalledimenticata.it/de/kontakte/#primaryimage"},"image":{"@id":"https://www.lavalledimenticata.it/de/kontakte/#primaryimage"},"thumbnailUrl":"https://www.lavalledimenticata.it/wp-content/uploads/2013/03/icon1.gif","datePublished":"2013-03-05T16:43:45+00:00","dateModified":"2025-11-03T20:52:52+00:00","description":"Kontakte - Agriturismo nel Montefeltro, provincia di Pesaro Urbino, nelle Marche","breadcrumb":{"@id":"https://www.lavalledimenticata.it/de/kontakte/#breadcrumb"},"inLanguage":"de","potentialAction":[{"@type":"ReadAction","target":["https://www.lavalledimenticata.it/de/kontakte/"]}]},{"@type":"ImageObject","inLanguage":"de","@id":"https://www.lavalledimenticata.it/de/kontakte/#primaryimage","url":"https://www.lavalledimenticata.it/wp-content/uploads/2013/03/icon1.gif","contentUrl":"https://www.lavalledimenticata.it/wp-content/uploads/2013/03/icon1.gif","width":62,"height":62},{"@type":"BreadcrumbList","@id":"https://www.lavalledimenticata.it/de/kontakte/#breadcrumb","itemListElement":[{"@type":"ListItem","position":1,"name":"Home","item":"https://www.lavalledimenticata.it/"},{"@type":"ListItem","position":2,"name":"Kontakte"}]},{"@type":"WebSite","@id":"https://www.lavalledimenticata.it/#website","url":"https://www.lavalledimenticata.it/","name":"Agriturismo La Valle Dimenticata","description":"","potentialAction":[{"@type":"SearchAction","target":{"@type":"EntryPoint","urlTemplate":"https://www.lavalledimenticata.it/?s={search_term_string}"},"query-input":{"@type":"PropertyValueSpecification","valueRequired":true,"valueName":"search_term_string"}}],"inLanguage":"de"}]}</script>
<!-- / Yoast SEO plugin. -->
