{"id":921,"date":"2013-03-05T17:32:18","date_gmt":"2013-03-05T16:32:18","guid":{"rendered":"http:\/\/www.lavalledimenticata.it\/lagritourisme\/mountain-bike\/"},"modified":"2014-04-19T23:34:13","modified_gmt":"2014-04-19T21:34:13","slug":"mountain-bike","status":"publish","type":"page","link":"https:\/\/www.lavalledimenticata.it\/fr\/la-ferme\/mountain-bike\/","title":{"rendered":"Mountain-Bike"},"content":{"rendered":"<p><img loading=\"lazy\" decoding=\"async\" class=\"alignleft size-full wp-image-51\" alt=\"Agritourisme avec mountain bike\" src=\"http:\/\/www.lavalledimenticata.it\/wp-content\/uploads\/2013\/03\/mountain_bike.jpg\" width=\"300\" height=\"199\" \/>L&rsquo;agritourisme met gratuitement \u00e0 la disposition\u00a0des enfants et des adultes des mountain bikes pour de fabuleuses randonn\u00e9es \u00e0 v\u00e9lo\u00a0qui permettent d&rsquo;admirer le merveilleux paysage tant aim\u00e9 par le grand Duc Federico II da Montefeltro. On y trouve des\u00a0collines lumineuses,des ch\u00eanes s\u00e9culaires, des maisons en pierre et des villages riches d&rsquo;anciennes m\u00e9moires qui encadrent un coin de la campagne de la r\u00e9gion des Marches. Ce merveilleux endroit a fait \u00e9galement l&rsquo;objet\u00a0d&rsquo;inspiration pour l&rsquo;art sublime de Raffaello et Piero della Francesca.<\/p>\n<p>Mais c&rsquo;est toute la campagne environnante\u00a0qui r\u00e9serve des belles surprises avec de nombreux animaux anodins toujours pr\u00eats \u00e0 se montrer \u00e0 ceux qui se prom\u00e8nent par ces sentiers.<\/p>\n","protected":false},"excerpt":{"rendered":"<p>L&rsquo;agritourisme met gratuitement \u00e0 la disposition\u00a0des enfants et des adultes des mountain bikes pour de fabuleuses randonn\u00e9es \u00e0 v\u00e9lo\u00a0qui permettent d&rsquo;admirer le merveilleux paysage tant aim\u00e9 par le grand Duc Federico II da Montefeltro. On y trouve des\u00a0collines lumineuses,des ch\u00eanes s\u00e9culaires, des maisons en pierre et des villages riches d&rsquo;anciennes m\u00e9moires qui encadrent un coin [&hellip;]<\/p>\n","protected":false},"author":4,"featured_media":0,"parent":672,"menu_order":39,"comment_status":"open","ping_status":"open","template":"page-full.php","meta":{"footnotes":""},"class_list":["post-921","page","type-page","status-publish","hentry"],"yoast_head":"<!-- This site is optimized with the Yoast SEO plugin v23.7 - https:\/\/yoast.com\/wordpress\/plugins\/seo\/ -->\n<title>Mountain-Bike - Agriturismo nel Montefeltro, Marche<\/title>\n<meta name=\"description\" content=\"Mountain-Bike - Agriturismo nel Montefeltro, provincia di Pesaro Urbino, nelle Marche\" \/>\n<meta name=\"robots\" content=\"index, follow, max-snippet:-1, max-image-preview:large, max-video-preview:-1\" \/>\n<link rel=\"canonical\" href=\"https:\/\/www.lavalledimenticata.it\/fr\/la-ferme\/mountain-bike\/\" \/>\n<meta property=\"og:locale\" content=\"fr_FR\" \/>\n<meta property=\"og:type\" content=\"article\" \/>\n<meta property=\"og:title\" content=\"Mountain-Bike - Agriturismo nel Montefeltro, Marche\" \/>\n<meta property=\"og:description\" content=\"Mountain-Bike - Agriturismo nel Montefeltro, provincia di Pesaro Urbino, nelle Marche\" \/>\n<meta property=\"og:url\" content=\"https:\/\/www.lavalledimenticata.it\/fr\/la-ferme\/mountain-bike\/\" \/>\n<meta property=\"og:site_name\" content=\"Agriturismo La Valle Dimenticata\" \/>\n<meta property=\"article:modified_time\" content=\"2014-04-19T21:34:13+00:00\" \/>\n<meta property=\"og:image\" content=\"https:\/\/www.lavalledimenticata.it\/wp-content\/uploads\/2013\/03\/mountain_bike.jpg\" \/>\n\t<meta property=\"og:image:width\" content=\"300\" \/>\n\t<meta property=\"og:image:height\" content=\"199\" \/>\n\t<meta property=\"og:image:type\" content=\"image\/jpeg\" \/>\n<meta name=\"twitter:label1\" content=\"Dur\u00e9e de lecture estim\u00e9e\" \/>\n\t<meta name=\"twitter:data1\" content=\"1 minute\" \/>\n<script type=\"application\/ld+json\" class=\"yoast-schema-graph\">{\"@context\":\"https:\/\/schema.org\",\"@graph\":[{\"@type\":\"WebPage\",\"@id\":\"https:\/\/www.lavalledimenticata.it\/fr\/la-ferme\/mountain-bike\/\",\"url\":\"https:\/\/www.lavalledimenticata.it\/fr\/la-ferme\/mountain-bike\/\",\"name\":\"Mountain-Bike - Agriturismo nel Montefeltro, Marche\",\"isPartOf\":{\"@id\":\"https:\/\/www.lavalledimenticata.it\/#website\"},\"primaryImageOfPage\":{\"@id\":\"https:\/\/www.lavalledimenticata.it\/fr\/la-ferme\/mountain-bike\/#primaryimage\"},\"image\":{\"@id\":\"https:\/\/www.lavalledimenticata.it\/fr\/la-ferme\/mountain-bike\/#primaryimage\"},\"thumbnailUrl\":\"http:\/\/www.lavalledimenticata.it\/wp-content\/uploads\/2013\/03\/mountain_bike.jpg\",\"datePublished\":\"2013-03-05T16:32:18+00:00\",\"dateModified\":\"2014-04-19T21:34:13+00:00\",\"description\":\"Mountain-Bike - Agriturismo nel Montefeltro, provincia di Pesaro Urbino, nelle Marche\",\"breadcrumb\":{\"@id\":\"https:\/\/www.lavalledimenticata.it\/fr\/la-ferme\/mountain-bike\/#breadcrumb\"},\"inLanguage\":\"fr-FR\",\"potentialAction\":[{\"@type\":\"ReadAction\",\"target\":[\"https:\/\/www.lavalledimenticata.it\/fr\/la-ferme\/mountain-bike\/\"]}]},{\"@type\":\"ImageObject\",\"inLanguage\":\"fr-FR\",\"@id\":\"https:\/\/www.lavalledimenticata.it\/fr\/la-ferme\/mountain-bike\/#primaryimage\",\"url\":\"http:\/\/www.lavalledimenticata.it\/wp-content\/uploads\/2013\/03\/mountain_bike.jpg\",\"contentUrl\":\"http:\/\/www.lavalledimenticata.it\/wp-content\/uploads\/2013\/03\/mountain_bike.jpg\"},{\"@type\":\"BreadcrumbList\",\"@id\":\"https:\/\/www.lavalledimenticata.it\/fr\/la-ferme\/mountain-bike\/#breadcrumb\",\"itemListElement\":[{\"@type\":\"ListItem\",\"position\":1,\"name\":\"Home\",\"item\":\"https:\/\/www.lavalledimenticata.it\/\"},{\"@type\":\"ListItem\",\"position\":2,\"name\":\"La ferme\",\"item\":\"https:\/\/www.lavalledimenticata.it\/fr\/la-ferme\/\"},{\"@type\":\"ListItem\",\"position\":3,\"name\":\"Mountain-Bike\"}]},{\"@type\":\"WebSite\",\"@id\":\"https:\/\/www.lavalledimenticata.it\/#website\",\"url\":\"https:\/\/www.lavalledimenticata.it\/\",\"name\":\"Agriturismo La Valle Dimenticata\",\"description\":\"\",\"potentialAction\":[{\"@type\":\"SearchAction\",\"target\":{\"@type\":\"EntryPoint\",\"urlTemplate\":\"https:\/\/www.lavalledimenticata.it\/?s={search_term_string}\"},\"query-input\":{\"@type\":\"PropertyValueSpecification\",\"valueRequired\":true,\"valueName\":\"search_term_string\"}}],\"inLanguage\":\"fr-FR\"}]}<\/script>\n<!-- \/ Yoast SEO plugin. -->","yoast_head_json":{"title":"Mountain-Bike - Agriturismo nel Montefeltro, Marche","description":"Mountain-Bike - Agriturismo nel Montefeltro, provincia di Pesaro Urbino, nelle Marche","robots":{"index":"index","follow":"follow","max-snippet":"max-snippet:-1","max-image-preview":"max-image-preview:large","max-video-preview":"max-video-preview:-1"},"canonical":"https:\/\/www.lavalledimenticata.it\/fr\/la-ferme\/mountain-bike\/","og_locale":"fr_FR","og_type":"article","og_title":"Mountain-Bike - Agriturismo nel Montefeltro, Marche","og_description":"Mountain-Bike - Agriturismo nel Montefeltro, provincia di Pesaro Urbino, nelle Marche","og_url":"https:\/\/www.lavalledimenticata.it\/fr\/la-ferme\/mountain-bike\/","og_site_name":"Agriturismo La Valle Dimenticata","article_modified_time":"2014-04-19T21:34:13+00:00","og_image":[{"width":300,"height":199,"url":"https:\/\/www.lavalledimenticata.it\/wp-content\/uploads\/2013\/03\/mountain_bike.jpg","type":"image\/jpeg"}],"twitter_misc":{"Dur\u00e9e de lecture estim\u00e9e":"1 minute"},"schema":{"@context":"https:\/\/schema.org","@graph":[{"@type":"WebPage","@id":"https:\/\/www.lavalledimenticata.it\/fr\/la-ferme\/mountain-bike\/","url":"https:\/\/www.lavalledimenticata.it\/fr\/la-ferme\/mountain-bike\/","name":"Mountain-Bike - Agriturismo nel Montefeltro, Marche","isPartOf":{"@id":"https:\/\/www.lavalledimenticata.it\/#website"},"primaryImageOfPage":{"@id":"https:\/\/www.lavalledimenticata.it\/fr\/la-ferme\/mountain-bike\/#primaryimage"},"image":{"@id":"https:\/\/www.lavalledimenticata.it\/fr\/la-ferme\/mountain-bike\/#primaryimage"},"thumbnailUrl":"http:\/\/www.lavalledimenticata.it\/wp-content\/uploads\/2013\/03\/mountain_bike.jpg","datePublished":"2013-03-05T16:32:18+00:00","dateModified":"2014-04-19T21:34:13+00:00","description":"Mountain-Bike - Agriturismo nel Montefeltro, provincia di Pesaro Urbino, nelle Marche","breadcrumb":{"@id":"https:\/\/www.lavalledimenticata.it\/fr\/la-ferme\/mountain-bike\/#breadcrumb"},"inLanguage":"fr-FR","potentialAction":[{"@type":"ReadAction","target":["https:\/\/www.lavalledimenticata.it\/fr\/la-ferme\/mountain-bike\/"]}]},{"@type":"ImageObject","inLanguage":"fr-FR","@id":"https:\/\/www.lavalledimenticata.it\/fr\/la-ferme\/mountain-bike\/#primaryimage","url":"http:\/\/www.lavalledimenticata.it\/wp-content\/uploads\/2013\/03\/mountain_bike.jpg","contentUrl":"http:\/\/www.lavalledimenticata.it\/wp-content\/uploads\/2013\/03\/mountain_bike.jpg"},{"@type":"BreadcrumbList","@id":"https:\/\/www.lavalledimenticata.it\/fr\/la-ferme\/mountain-bike\/#breadcrumb","itemListElement":[{"@type":"ListItem","position":1,"name":"Home","item":"https:\/\/www.lavalledimenticata.it\/"},{"@type":"ListItem","position":2,"name":"La ferme","item":"https:\/\/www.lavalledimenticata.it\/fr\/la-ferme\/"},{"@type":"ListItem","position":3,"name":"Mountain-Bike"}]},{"@type":"WebSite","@id":"https:\/\/www.lavalledimenticata.it\/#website","url":"https:\/\/www.lavalledimenticata.it\/","name":"Agriturismo La Valle Dimenticata","description":"","potentialAction":[{"@type":"SearchAction","target":{"@type":"EntryPoint","urlTemplate":"https:\/\/www.lavalledimenticata.it\/?s={search_term_string}"},"query-input":{"@type":"PropertyValueSpecification","valueRequired":true,"valueName":"search_term_string"}}],"inLanguage":"fr-FR"}]}},"_links":{"self":[{"href":"https:\/\/www.lavalledimenticata.it\/fr\/wp-json\/wp\/v2\/pages\/921"}],"collection":[{"href":"https:\/\/www.lavalledimenticata.it\/fr\/wp-json\/wp\/v2\/pages"}],"about":[{"href":"https:\/\/www.lavalledimenticata.it\/fr\/wp-json\/wp\/v2\/types\/page"}],"author":[{"embeddable":true,"href":"https:\/\/www.lavalledimenticata.it\/fr\/wp-json\/wp\/v2\/users\/4"}],"replies":[{"embeddable":true,"href":"https:\/\/www.lavalledimenticata.it\/fr\/wp-json\/wp\/v2\/comments?post=921"}],"version-history":[{"count":4,"href":"https:\/\/www.lavalledimenticata.it\/fr\/wp-json\/wp\/v2\/pages\/921\/revisions"}],"predecessor-version":[{"id":1874,"href":"https:\/\/www.lavalledimenticata.it\/fr\/wp-json\/wp\/v2\/pages\/921\/revisions\/1874"}],"up":[{"embeddable":true,"href":"https:\/\/www.lavalledimenticata.it\/fr\/wp-json\/wp\/v2\/pages\/672"}],"wp:attachment":[{"href":"https:\/\/www.lavalledimenticata.it\/fr\/wp-json\/wp\/v2\/media?parent=921"}],"curies":[{"name":"wp","href":"https:\/\/api.w.org\/{rel}","templated":true}]}}

<p><img loading="lazy" decoding="async" class="alignleft size-full wp-image-51" alt="Agritourisme avec mountain bike" src="http://www.lavalledimenticata.it/wp-content/uploads/2013/03/mountain_bike.jpg" width="300" height="199" />L&rsquo;agritourisme met gratuitement à la disposition des enfants et des adultes des mountain bikes pour de fabuleuses randonnées à vélo qui permettent d&rsquo;admirer le merveilleux paysage tant aimé par le grand Duc Federico II da Montefeltro. On y trouve des collines lumineuses,des chênes séculaires, des maisons en pierre et des villages riches d&rsquo;anciennes mémoires qui encadrent un coin de la campagne de la région des Marches. Ce merveilleux endroit a fait également l&rsquo;objet d&rsquo;inspiration pour l&rsquo;art sublime de Raffaello et Piero della Francesca.</p>
<p>Mais c&rsquo;est toute la campagne environnante qui réserve des belles surprises avec de nombreux animaux anodins toujours prêts à se montrer à ceux qui se promènent par ces sentiers.</p>

<p>L&rsquo;agritourisme met gratuitement à la disposition des enfants et des adultes des mountain bikes pour de fabuleuses randonnées à vélo qui permettent d&rsquo;admirer le merveilleux paysage tant aimé par le grand Duc Federico II da Montefeltro. On y trouve des collines lumineuses,des chênes séculaires, des maisons en pierre et des villages riches d&rsquo;anciennes mémoires qui encadrent un coin [&hellip;]</p>

<!-- This site is optimized with the Yoast SEO plugin v23.7 - https://yoast.com/wordpress/plugins/seo/ -->
<title>Mountain-Bike - Agriturismo nel Montefeltro, Marche</title>
<meta name="description" content="Mountain-Bike - Agriturismo nel Montefeltro, provincia di Pesaro Urbino, nelle Marche" />
<meta name="robots" content="index, follow, max-snippet:-1, max-image-preview:large, max-video-preview:-1" />
<link rel="canonical" href="https://www.lavalledimenticata.it/fr/la-ferme/mountain-bike/" />
<meta property="og:locale" content="fr_FR" />
<meta property="og:type" content="article" />
<meta property="og:title" content="Mountain-Bike - Agriturismo nel Montefeltro, Marche" />
<meta property="og:description" content="Mountain-Bike - Agriturismo nel Montefeltro, provincia di Pesaro Urbino, nelle Marche" />
<meta property="og:url" content="https://www.lavalledimenticata.it/fr/la-ferme/mountain-bike/" />
<meta property="og:site_name" content="Agriturismo La Valle Dimenticata" />
<meta property="article:modified_time" content="2014-04-19T21:34:13+00:00" />
<meta property="og:image" content="https://www.lavalledimenticata.it/wp-content/uploads/2013/03/mountain_bike.jpg" />
	<meta property="og:image:width" content="300" />
	<meta property="og:image:height" content="199" />
	<meta property="og:image:type" content="image/jpeg" />
<meta name="twitter:label1" content="Durée de lecture estimée" />
	<meta name="twitter:data1" content="1 minute" />
<script type="application/ld+json" class="yoast-schema-graph">{"@context":"https://schema.org","@graph":[{"@type":"WebPage","@id":"https://www.lavalledimenticata.it/fr/la-ferme/mountain-bike/","url":"https://www.lavalledimenticata.it/fr/la-ferme/mountain-bike/","name":"Mountain-Bike - Agriturismo nel Montefeltro, Marche","isPartOf":{"@id":"https://www.lavalledimenticata.it/#website"},"primaryImageOfPage":{"@id":"https://www.lavalledimenticata.it/fr/la-ferme/mountain-bike/#primaryimage"},"image":{"@id":"https://www.lavalledimenticata.it/fr/la-ferme/mountain-bike/#primaryimage"},"thumbnailUrl":"http://www.lavalledimenticata.it/wp-content/uploads/2013/03/mountain_bike.jpg","datePublished":"2013-03-05T16:32:18+00:00","dateModified":"2014-04-19T21:34:13+00:00","description":"Mountain-Bike - Agriturismo nel Montefeltro, provincia di Pesaro Urbino, nelle Marche","breadcrumb":{"@id":"https://www.lavalledimenticata.it/fr/la-ferme/mountain-bike/#breadcrumb"},"inLanguage":"fr-FR","potentialAction":[{"@type":"ReadAction","target":["https://www.lavalledimenticata.it/fr/la-ferme/mountain-bike/"]}]},{"@type":"ImageObject","inLanguage":"fr-FR","@id":"https://www.lavalledimenticata.it/fr/la-ferme/mountain-bike/#primaryimage","url":"http://www.lavalledimenticata.it/wp-content/uploads/2013/03/mountain_bike.jpg","contentUrl":"http://www.lavalledimenticata.it/wp-content/uploads/2013/03/mountain_bike.jpg"},{"@type":"BreadcrumbList","@id":"https://www.lavalledimenticata.it/fr/la-ferme/mountain-bike/#breadcrumb","itemListElement":[{"@type":"ListItem","position":1,"name":"Home","item":"https://www.lavalledimenticata.it/"},{"@type":"ListItem","position":2,"name":"La ferme","item":"https://www.lavalledimenticata.it/fr/la-ferme/"},{"@type":"ListItem","position":3,"name":"Mountain-Bike"}]},{"@type":"WebSite","@id":"https://www.lavalledimenticata.it/#website","url":"https://www.lavalledimenticata.it/","name":"Agriturismo La Valle Dimenticata","description":"","potentialAction":[{"@type":"SearchAction","target":{"@type":"EntryPoint","urlTemplate":"https://www.lavalledimenticata.it/?s={search_term_string}"},"query-input":{"@type":"PropertyValueSpecification","valueRequired":true,"valueName":"search_term_string"}}],"inLanguage":"fr-FR"}]}</script>
<!-- / Yoast SEO plugin. -->
